e?
False
Let l(n) be the third derivative of 157*n**5/60 + n**3/6 - 4*n**2. Let u be l(-1). Suppose -d - d = -u. Is d prime?
True
Let r be 3/(12/8) - 0. Suppose 3*m + 7*z - r*z = 3970, -z = 4*m - 5265. Suppose -8*w + m = -3*w. Is w prime?
True
Let v(i) = 3*i - 48. Let c be v(17). Suppose -3*u + 2*x + 6299 = -0*x, x - 6296 = -c*u. Is u composite?
False
Let f(j) = -8*j**2 + 7*j**2 + 7 - 2*j + 0*j**3 + j + 2*j**3. Is f(6) prime?
True
Let f = 0 + 11. Suppose r - 2*b = f, -r - 2*r = -b - 53. Is r prime?
True
Let v be (3/6)/(2/(-28)). Let d(o) = -3*o**3 - 10*o**2 + 2. Is d(v) a composite number?
False
Let j = 2610 - 1249. Is j prime?
True
Is (-378)/(-135) - (-1)/5 - -244 a composite number?
True
Let i be ((-3)/(-2))/(3/(-6)). Is ((-614)/i)/(24/108) prime?
False
Let j be 3 + 600/(0 - -5). Suppose -x + 250 = u, -373 - j = -2*x - 3*u. Is x prime?
False
Let y be (-4 - -3)*(-776)/(-4) - 2. Let p = -117 - y. Is p prime?
True
Suppose 3*f + 21 = 3*n, 2*n + 3*n = -5*f + 75. Let b = n + -1. Is 968/b + 2/10 a composite number?
False
Let o = -10014 - -35855. Is o a prime number?
True
Let o = 656 + -1162. Let j be 2 + 3 + (-4)/4. Is (2/(-1))/(j/o) composite?
True
Let h(m) = -2*m**3 - 48*m**2 - 42*m + 33. Is h(-25) prime?
True
Let v(z) = -z - 6. Let p be v(-3). Let a = p - 4. Let k = 0 - a. Is k a prime number?
True
Suppose -56*m - 390900 = -1776172. Is m a prime number?
False
Let k be 3/(1 + 936/(-932)). Is (-14)/(-21)*k/(-2) composite?
False
Let y(o) = 429*o + 9. Let n be y(-7). Let w = n - 6422. Is w/(-40) - 2/5 composite?
True
Let t(f) be the first derivative of 99*f**2/2 + 6*f - 8. Is t(17) a composite number?
True
Suppose 3*m - 4 - 2 = 0. Let s(h) = 4*h**2 - 4*h**2 + 0*h**2 - h**m - 12*h**3 - h - 1. Is s(-1) prime?
True
Let t be ((-9)/12 - 0)*-2236. Suppose -7*o + 5030 = t. Is o a composite number?
False
Suppose -879853 = -42*g + 427229. Is g prime?
True
Let j(h) = h**3 + 5*h**2 + 2*h. Let g be j(-2). Is 3410/16 - g/64 a prime number?
False
Suppose -3*x + 0*x = 3*y + 15, 4*x = 5*y - 56. Is (-3)/x - 17872/(-24) prime?
False
Suppose k + 2*k = 3*f - 9603, -6372 = -2*f - 4*k. Suppose -13787 = -7*a - f. Is a composite?
True
Let r be (-2 - -8)*(-2 + (-4749)/(-6)). Suppose -230*j + r = -227*j. Is j a composite number?
False
Let o be 4/30 - 130067/(-1785). Suppose -3*y + v = -62, 5*y - 33 = -v + 65. Let b = o - y. Is b a prime number?
True
Suppose 0 = -q, 5*o + 0*q = q + 840. Let w = o + -79. Is w prime?
True
Suppose 1772 + 1013 = k. Suppose 15*j - k = 10*j. Is j a composite number?
False
Suppose -2*k + 7*k - 5030 = -z, -5*k = 5*z - 25170. Is z/7 - 24/84 prime?
True
Suppose -6*q = -277262 - 256444. Is q composite?
False
Let h be 393/9*(-2 + 5). Suppose 2*y = 12 - 2. Suppose -4*s = -u + h, 2*u + u - y*s - 414 = 0. Is u a composite number?
True
Let w(x) = 15*x**2 + 29*x + 51. Is w(7) prime?
False
Let w = -82 - -167. Let z = -32 + w. Is z a composite number?
False
Suppose 4*s - 128 = -3*v - 50, -100 = -5*s - 5*v. Let y = s - 17. Is y/((-2)/(-668)) - -1 a composite number?
True
Let x be -3 + -30 + -3 + 1. Let q = x - -52. Is -4 + (q*15 - 2) prime?
False
Let s = -4438 - -8879. Is s composite?
False
Suppose -8*n + 6*n = 28. Is 11058/42 - (-4)/n a prime number?
True
Let i be ((-10)/6 + 1)/(36/(-540)). Suppose 0 = -i*h + 4562 + 38708. Is h composite?
False
Suppose 7*f = 10*f - 15. Suppose x + f = 3. Is (-117)/(-2) + (-1)/x composite?
False
Suppose -3*v + 3*y = -5694, 4*v = y + 4020 + 3581. Is v a prime number?
True
Let y(k) = 4*k**2 - k - 1. Let m be y(3). Let i = m + 35. Is i a prime number?
True
Let v = 3 + -7. Let m be (-44)/(-77) + v/7. Suppose 2*k + m*k - 854 = 0. Is k prime?
False
Let w(g) = -g**3 + g**2 + g - 1380. Let q be w(0). Let u = -653 - q. Is u a prime number?
True
Let v = -78 + 83. Suppose k + 2*l - 28 = 3, -v*k - l = -164. Is k a prime number?
False
Suppose -11*p = -9*p + 3*s - 7565, 11322 = 3*p - 4*s. Is p prime?
False
Suppose m - 5*a - 49 = 1477, -3*m + 5*a + 4588 = 0. Is m prime?
True
Suppose 0 = -5*b + 4*b - 4*i + 81, -5*b + 4*i + 381 = 0. Is b a composite number?
True
Let i(d) = d**2 - 10*d + 9. Let y be i(9). Suppose -f = -3*z - 59, -2*f + f + 5*z + 63 = y. Is f composite?
False
Let k = 12 - 10. Suppose -3*h = k*h. Let w(t) = -t**3 - t**2 + t + 87. Is w(h) a composite number?
True
Suppose -2*p = -3*p - 11. Let q = -9 - p. Is 35 - (3 - 3)/q composite?
True
Let l(i) = 294*i**3 + 2*i**2 + 2*i + 1. Let m be l(-1). Let w = m + 202. Let t = -42 - w. Is t composite?
True
Suppose 34 = 4*t - 126. Let p = -106 + 119. Let r = t + p. Is r composite?
False
Let y(o) = -2*o**2 - 9*o. Let s(t) = -2*t**2 - 9*t + 1. Let g(z) = -5*s(z) + 4*y(z). Suppose 4*b - 12*b = -48. Is g(b) a composite number?
True
Is (-85904)/(-26) - 10/(-2) a prime number?
False
Suppose 0 = 5*u - 5 - 10. Suppose 0 = -u*y + 4*y, -2*y = -5*d + 1895. Is d prime?
True
Suppose t - 2 = 9. Let y(w) = -t*w**3 + 2 - 7 + 3*w**2 + 6 + 2*w. Is y(-2) prime?
True
Suppose -3*q - 5772 = -25179. Is q a composite number?
False
Suppose 2*b + 1818 = 2*j, 0 = -5*b + 7*b - 8. Is j composite?
True
Let d(n) = 4*n**2 + 3*n + 4*n - 6*n + 3 + 2*n. Let p = 2 - -2. Is d(p) a composite number?
False
Let w = 31 + -59. Let l = w - -22. Is ((-249)/l)/(6/84) prime?
False
Let u(q) = q + 16. Let v be u(-11). Let i(y) = 24*y + 5. Let z be i(v). Suppose 1295 = 5*k + 5*w, -k = -3*w - z - 134. Is k a composite number?
True
Let q(b) = 2*b. Let k be q(0). Let h(o) = o**2 + 2*o + 3. Let r be h(k). Let g(j) = 12*j**3 - 3*j**2 - 3*j - 1. Is g(r) prime?
False
Is (-6 - -3)/((9/(-917))/3) a composite number?
True
Suppose 4*y = -4*r - 0*r - 1440, -3*r + 3*y - 1062 = 0. Let p = r + 674. Is p composite?
False
Is 6*5/20 - (-2563946)/44 a composite number?
True
Let a = 12001 - 7448. Is a composite?
True
Let d = 103 + -29. Let r = -40 + d. Let x = 55 + r. Is x composite?
False
Is (-7)/((-599654)/(-119933) + -5) composite?
True
Let t be (-9)/6*(-12)/(-18). Let y = -53 + 241. Is y - t/4*-4 a prime number?
False
Let k = 65 + -62. Suppose -k*i = i - 1580. Is i composite?
True
Let c = -10 + 6. Let x(u) = -51 - 53*u - 50 + 94. Is x(c) prime?
False
Suppose 0 = -g - g + x + 8, 26 = g + 5*x. Is (1004/g)/((-6)/(-9)) composite?
False
Suppose 5*l = 4*v + 121, 4*l - 22 = -v + 2*v. Let n = 64 + v. Let p = 97 - n. Is p a composite number?
False
Suppose -2*v - 22 = -26. Suppose 4*d + v*j = 1034, -6*d + 2*d + 2*j = -1014. Suppose 1551 = 5*n + d. Is n composite?
True
Let j(r) = -823*r**3 - 4*r**2 - 16*r - 4. Is j(-3) a prime number?
True
Let q = -8 + 4. Let w be q - 1/(-1)*613. Suppose -w = -5*j - 4*p, -j - 3*p = 2*p - 126. Is j composite?
True
Let w = 882 + 39. Is w prime?
False
Let q be 1/1*0/2. Suppose n = -q*n. Suppose 4*x + n*x - 70 = -5*r, -35 = -2*r - 3*x. Is r composite?
True
Suppose 0 = 5*y - 5*x - 15, 0 = 3*y - 4*x - 0*x - 10. Suppose s - u - 1636 = -3*s, 0 = y*s - 4*u - 818. Is s a prime number?
True
Let o = 1588 - 570. Let r = o - 281. Is r a composite number?
True
Let j = 5999 - 3820. Is j a composite number?
False
Let f(p) = 32*p**2 - 6*p - 25. Let k be f(-7). Let z = k - 482. Is z prime?
True
Suppose 42*p - 877947 = -193557. Is p a prime number?
False
Let r(p) = -p**2 + 17*p - 7. Let j = -40 + 48. Is r(j) a prime number?
False
Suppose 3*i = 138*m - 142*m + 59145, 4*m = 0. Is i a prime number?
False
Suppose 32*o - 58*o + 468338 = 0. Is o a prime number?
True
Let c = 14 + -6. Suppose 2*i + c = 0, 4*m - 2*i - i - 12 = 0. Is -1*-194*(1 - m) a prime number?
False
Let u(d) = -14 - 2*d**2 + 4*d**2 - 6*d**2 - 3*d**3 + 4*d. Is u(-6) a composite number?
True
Suppose 10*m + 10*m - 100580 = 0. Is m prime?
False
Suppose 4*w + 9 + 11 = 0. Let g(i) = -i - 3. Let l be g(w). Suppose 0 = 5*u - 5*k - 195, l*u - 69 - 29 = -3*k. Is u a composite number?
False
Is -3 + -3 + 55380/6 + 3 a composite number?
False
Let k(v) = v**2 + 3*v - 3. Let x be k(-5). Suppose -6153 + 532 = -x*c. Is c composite?
True
Let s(j) = 37*j**3 + j**2 + 18*j + 11. Is s(8) a prime number?
True
Let i(v) = 27*v - 421. Is i(46) prime?
True
Let i(y) = 3*y**2 + 4*y - 4. Let n(l) = -l**3 + l - 4. Let w be n(0). Let h(k) = -2*k**2 - 4*k + 3. Let v(p) = w*h(p) - 3*i(p). Is v(3) a composite number?
False
Let z = 15465 + -10066. Is z composite?
False
Suppose 7*r - 2*h = 2*r + 36833, -7373 = -r + 2*h. Let